00 + y. Is n a multiple of 48?
True
Let o = -212 + 702. Suppose -o = 11*p - 18*p. Does 14 divide p?
True
Let d = -1926 + 2094. Does 14 divide d?
True
Suppose -5*q + 9*q - 1261 = -5*d, 3*d - 754 = -5*q. Does 9 divide d?
False
Let j = 190 + 914. Does 69 divide j?
True
Let i = -15 + 17. Suppose 151 = i*x - 175. Does 13 divide x?
False
Let j be (16 - 16)/(1*4). Let h be 75 + (3 - j) + -1. Suppose -5*n + 212 = h. Is n a multiple of 6?
False
Let r(n) = -12*n - 6. Let z(j) = -25*j - 11. Let w(d) = 5*r(d) - 2*z(d). Let f(h) = 3*h + 3. Let u(a) = -11*f(a) - 4*w(a). Is u(3) a multiple of 10?
True
Let o(z) = z**3 - 10*z**2 + 10*z - 3. Let m be o(9). Let t(f) = 57*f + 56. Is t(m) a multiple of 43?
False
Let a(s) = -s**3 - 16*s**2 + s + 20. Let i be a(-16). Suppose -2*h = x - 2*x - 5, 0 = -x - i*h + 19. Suppose -x*d = 25 - 76. Does 3 divide d?
False
Let d(s) = s**3 + 2*s**2 + 8*s + 13. Let x be d(7). Suppose -3*g + x = 7*g. Is 12 a factor of g?
False
Let f(n) = 104*n**2 + 136*n + 2. Is f(-4) a multiple of 34?
True
Let p(k) = 3*k**2 - 12*k - 48. Does 15 divide p(-5)?
False
Let c(z) = 2*z**2 + 10*z - 13. Let a(x) = -x + 2. Let i be a(5). Let m(y) = y**2 + 11*y - 13. Let n(u) = i*m(u) + 2*c(u). Does 12 divide n(13)?
False
Let w(i) = i**3 + 3*i**2 + 2*i. Let g be w(-2). Suppose g*k - k = 4. Is 3 a factor of (k/3)/((-2)/36)?
True
Let q(v) = 80*v**3 + v**2 + 4*v - 3. Is 11 a factor of q(2)?
True
Let j(s) = 6*s**2 - 1. Let c be j(-1). Suppose -b - 3*b = -c*i + 55, -2*i = 3*b + 24. Let q = b + 13. Does 3 divide q?
True
Let a = -1119 + 607. Does 17 divide (2*-2)/(16/a)?
False
Let q(m) = 8*m**2 - 4*m + 8. Let j be q(-6). Let p = j + -228. Suppose -b = -4, 2*g + 2*b = 7*g - p. Does 20 divide g?
True
Suppose 3*i = -3*u - i + 1, 31 = 3*u - 2*i. Is 19 a factor of 1/(u/28*(-8)/(-190))?
True
Suppose h + 5*o = -36, 0 = -h + 4*o - 5 - 4. Is 17 a factor of (-14)/h*51/2?
True
Is 335 - (2 + -1)*-2 a multiple of 48?
False
Suppose 0 = -j + 5*l - 8, 4*l - 5 = 2*j - 1. Suppose n - 11 = -2*o, j = 2*o - n + 5*n. Suppose 2*k - o*k + 175 = 0. Is k a multiple of 11?
False
Suppose 3*p - 5 - 87 = 4*d, -2*p = 4*d - 88. Is 6 a factor of p?
True
Suppose -s - 1 = 0, 3*w - 2*w - 4*s - 15 = 0. Is w/(-55) - (-752)/10 a multiple of 11?
False
Is 4 a factor of (14/10)/((-46)/(-920))*42?
True
Suppose 11*n + 1216 = 49*n. Is 6 a factor of n?
False
Does 22 divide (-11)/((-33)/1407) - (2 + -6)?
False
Suppose -3*z + 7 = -128. Suppose -4*k - z = -7*k. Is k a multiple of 3?
True
Suppose -3*q - 406 = 4*q. Let g = q - -181. Is 15 a factor of g?
False
Suppose 0 = -5*p - 2*k - 2*k + 4172, -3*k - 6 = 0. Is 11 a factor of p?
True
Let n(o) = -o - 1. Let f be n(-1). Suppose f = -0*a + 4*a - 96. Does 24 divide a?
True
Suppose -u - 59 = -4*f, 5*u - 39 = -14. Let a = f + -13. Suppose -c - 18 = -a*c. Does 6 divide c?
False
Suppose -117 = -5*j + 18. Let u = j - 16. Is 11 a factor of u?
True
Let u(h) = -2*h**2 + 14*h - 9. Let n be u(6). Let y(x) = 9*x - 2. Does 14 divide y(n)?
False
Let t(b) = b**2 - b + 22. Let p(v) = -v**2 - 3*v - 2. Let s be p(-1). Does 8 divide t(s)?
False
Does 5 divide (3 - 0/(-4))*71/3?
False
Suppose -4*q + 5*u - 1477 = -5*q, -4*q = -5*u - 5783. Is 44 a factor of q?
True
Suppose -2*s = -10, 3*x + x + 15 = -s. Let y = 36 - x. Does 20 divide y?
False
Suppose 3*v = 3*s - 558, 3*v = 2*s - 3*s + 170. Is 14 a factor of s?
True
Suppose 3*g - 369 - 159 = 0. Is 8 a factor of g?
True
Let a = -465 - -549. Is 14 a factor of a?
True
Suppose 0 = -17*k + 856 + 436. Does 4 divide k?
True
Suppose 2*w - 214 = h, 12*h - 13*h - 229 = w. Does 23 divide (3 + (3 - 7))*(h + -3)?
False
Let v = 22 + 0. Let i = -10 + v. Suppose i*b - 210 = 10*b. Is b a multiple of 27?
False
Suppose -92 = -4*k + 100. Let h be (1 + (-4)/16)/(2/8). Suppose -h*z = -z - k. Is z a multiple of 12?
True
Let p(d) = -2*d**3 + 9*d**2 + 28*d + 36. Is p(-6) a multiple of 52?
True
Let i = -18 - -27. Suppose -i*d + 12 = -6*d. Is 4 a factor of d?
True
Let y be (-10)/55 + (-92)/(-22). Is 17 a factor of ((-6)/(-9))/(y/714)?
True
Let n = -225 + 90. Let j = -87 - n. Is j a multiple of 8?
True
Suppose 4*n = 4*m - 720, 7*n = -5*m + 4*n + 860. Suppose -12*r + m = -7*r. Is 35 a factor of r?
True
Suppose 3*t - 15 = -0*t. Suppose -4*c = -t*v + 4, -4*c = -7*c - 2*v - 3. Does 11 divide 23 + -2*(c + 0)?
False
Let q = 25 - 22. Suppose -q*s = -75 - 9. Suppose 0 = -c + 28 + s. Does 29 divide c?
False
Suppose 14 = k - 7. Does 5 divide k?
False
Suppose 4*t - 6 = 2*t. Let d be t/(-15) + (-567)/15. Let m = 8 - d. Does 23 divide m?
True
Let t(v) = -v**3 - 17*v**2 - 25*v - 24. Let i be t(-16). Suppose -9*z + 4*z = -i. Is z a multiple of 3?
True
Let n(r) = r**3 + 7*r**2 + 10*r + 1. Let f be n(-5). Suppose -f = -2*a + 33. Does 12 divide a?
False
Let r(p) be the first derivative of -p**3/3 + 2*p**2 - 12*p - 2. Let q be r(6). Is -4*129/q*2 a multiple of 12?
False
Is 1106/12 + 2 - (-18)/(-108) a multiple of 4?
False
Let y be 334/4 - (-2)/4. Suppose 3*d - 2*d - 7 = 0. Is 7 a factor of y/d - 6/2?
False
Suppose -4 = 5*d - 2*d + 4*v, -d = 4*v + 12. Let a = d - -4. Is a a multiple of 8?
True
Let y(s) = -s**2 + s + 60. Let p be y(0). Is (2 - (3 - p)) + -4 a multiple of 17?
False
Let d = -44 - -43. Is 9 a factor of (-284)/(-6) - (15/(-9) - d)?
False
Suppose 4*q = -0*k - k - 21, 5*q + 25 = -k. Let n = 45 - 56. Let h = q - n. Is h a multiple of 2?
False
Suppose 300*x = 289*x + 440. Is x even?
True
Let x = 188 + -184. Is 4 a factor of x?
True
Suppose -4*k + 3*n + 7764 = 0, 2*k - n - 857 = 3025. Suppose -k = -8*v - 261. Does 35 divide v?
True
Is 40 a factor of (-7 - -7) + -4 - -284?
True
Suppose -5*t = -2*h + 813 + 59, 5*h + t - 2180 = 0. Is 23 a factor of h?
False
Let w(o) = 30*o - 895. Is w(41) a multiple of 20?
False
Suppose 5*p = -2*m + 173, p + m - 4*m - 21 = 0. Is p a multiple of 33?
True
Suppose -334 = -6*k + 368. Let w(u) = 21*u + 3. Let n be w(3). Suppose -h + 4*m + n = 0, h - k = -h + 5*m. Does 14 divide h?
False
Let w(s) = s**3 - 4*s**2 + 2*s + 3. Let p be w(3). Let o be p - -3 - (-1 + 1). Suppose a + o*a = 312. Is 25 a factor of a?
False
Let m be 326/6 - 4/(-6). Suppose w + 30 = 7*w. Suppose m = 4*g - w. Is 4 a factor of g?
False
Suppose -5*j = -5*z + 355, z + 0*z = 5*j + 375. Let i = -139 - j. Is (-2)/(-7) + (-5274)/i a multiple of 28?
True
Suppose -5*i = 3*t - 16, -i + 2 = 3*t - 2*t. Suppose -4*g - m + 342 = -6*m, -448 = -i*g - 4*m. Does 22 divide g?
True
Suppose -102 = -2*d - 98. Suppose -2*z = -4, d*z = -2*w - 2*w + 752. Does 16 divide w?
False
Suppose -20 - 24 = -4*m. Suppose -34*s + 35*s = 5. Suppose 0 = s*x + 4*q - 113, q + 64 - m = 2*x. Is x a multiple of 8?
False
Suppose -2*l - 933 = -5*l. Is 2 a factor of l?
False
Let u(r) = 13*r**2 - 8*r - 60. Does 3 divide u(5)?
True
Suppose 0 = 3*d + 39 - 18. Let a(t) = -t**2 - 4*t + 10. Let p be a(d). Let u(g) = g**2 + 8*g + 10. Does 11 divide u(p)?
False
Does 3 divide (-1 + -25)/(23/(-575))?
False
Let d = 1610 + -1142. Does 5 divide d?
False
Let r(s) = -363*s + 7. Is r(-1) a multiple of 71?
False
Suppose 113 - 283 = 2*z + 2*p, 2*p + 340 = -4*z. Let o = z + 90. Is o even?
False
Let u be (-4 + (1 - -1))*-1. Let s(g) = 5*g**3 - 4 + 11*g**2 - 4*g**3 + 2*g + u*g + 2*g. Does 10 divide s(-10)?
False
Let l(p) = -10*p + 49. Suppose 0 = 3*u - m + 19, 5*m = -3*u - 0*u - 13. Does 7 divide l(u)?
False
Suppose -2*m + 6*m + 48 = 0. Is 11 a factor of 6*(592/m)/(-4)?
False
Suppose 10*u - 1038 = 4*u. Let b = -114 + u. Is b a multiple of 10?
False
Suppose -2*g + 118*b - 121*b + 1893 = 0, g - 943 = 2*b. Is 9 a factor of g?
True
Let o(w) = -w**2 + 13*w + 2. Let b be o(13). Suppose 0 = -k - 3*c + 34, 0 = b*k - 0*c + c - 53. Does 5 divide k?
True
Suppose -4*c + 168 = -1224. Let n = 533 - c. Is 12 a factor of n?
False
Suppose 12*r + 40*r = 11440. Is r a multiple of 10?
True
Suppose -10 = -5*m - 5*i - 0, -2*i - 11 = -m. Suppose 4*y - 7*j = -6*j + 79, 5 = m*j. Does 4 divide y?
True
Suppose 1 = -f, -3*n = -2*n + 4*f - 257. Is n a multiple of 29?
True
Let h = 21 - 4. Suppose 5*k - h*k + 1008 = 0. Is 21 a factor of k?
True
Let v(k) = -k**2 + 11*k - 14. Let n be v(9). Suppose n*i - 129 = 191. Does 16 divide i?
True
Let l = 16 - 21. Let c(x) = 5*x**2 - 4*x - 15. Does 26 divide c(l)?
True
Suppose 2*u = u. Suppose u*s - 5*x - 3 = -s, 5*x - 49 = -3*s. Let o = s